65 is divided by (-1755)/(-75) + (-21)/(-35).
21
Let n = 38 + -17. Let t = -15 + n. What is the remainder when 23 is divided by t?
5
Let l(w) = 8*w**2 - 2*w + 2. Let m = 122 - 117. Calculate the remainder when l(1) is divided by m.
3
Suppose 0 = 3*h - 6*j + j - 291, 4*j - 485 = -5*h. Calculate the remainder when h is divided by 38.
21
Let h = 345 - -58. What is the remainder when h is divided by 29?
26
Let h(a) = a**3 + 8*a**2 + 3*a - 4. Let s = -876 + 889. Calculate the remainder when h(-7) is divided by s.
11
Suppose 21*b - 24 = 39. Suppose 11 = b*y - 10. What is the remainder when 13 is divided by y?
6
Let p = 6225 - 6202. Let o = 54 - 30. Suppose -2*i + o = 2*i. What is the remainder when p is divided by i?
5
Let p(j) = -j + 4*j**2 - 4 + j**3 + 2*j**2 + 3*j**3 - 3*j**3. Let m(h) = -h + 6. Calculate the remainder when p(-5) is divided by m(-9).
11
Suppose -4*v + 5*v - 21 = 0. Suppose -2*g = -3 + v. What is the remainder when 3*((-6)/g - -2) is divided by 5?
3
Suppose -1064*a = -1075*a + 4719. What is the remainder when a is divided by 5?
4
Let f be (3 + -60)*(-12)/4. Let z be f*((-15)/9)/(-5). Suppose 24 = 3*p + j, 2*p + 3*p - 4*j - z = 0. What is the remainder when 34 is divided by p?
7
Suppose -s + 2*s - 13 = 0. Suppose k - s = 7. Let v = k - 5. Calculate the remainder when 28 is divided by v.
13
Let j be (-24)/(-20)*(-10)/3. Let o(u) = -6*u - 4. Let b(k) = -3*k - 1. What is the remainder when o(j) is divided by b(-4)?
9
Let p(k) = k**3 - 6*k**2 + 6*k - 7. Let h be p(7). Suppose 4*t - h = 5*r, -2*t + r - 30 = -3*t. Calculate the remainder when t is divided by 7.
5
Suppose 5*i = -3*z + 12, 0 = 3*z + i + 2*i - 12. Suppose -61 = 4*j + l, -3*j - 58 = 3*l - 19. Let r = 31 + j. Calculate the remainder when r is divided by z.
3
Let l be 2/(-7) - 102/(-14). Suppose 305 = -l*f + 12*f. What is the remainder when f is divided by 16?
13
Let f(y) = 2*y - 6. Suppose l = 4*l - 246. What is the remainder when l is divided by f(17)?
26
Suppose -4*p - 28 = -2*u, u = -2*p + 5*p + 19. Suppose 4*g + 3*b + 2*b = 157, 3*g - 117 = -u*b. Calculate the remainder when g is divided by 11.
10
Suppose -22*h + 17*h + 40 = 0. Suppose h*b - 123 = -27. What is the remainder when 33 is divided by b?
9
Suppose 0 = -5*d + 3*u + 623, -3*u = 4*d - 5*u - 498. Suppose -79*h + 55*h = -1008. What is the remainder when d is divided by h?
40
Let x(p) = p**3 + 3*p**2 + 3*p + 2. Let i be x(-2). Suppose 4*z = 2*g + 74, i*z - 4*g = -z + 36. What is the remainder when z is divided by 6?
4
Suppose y + 4*v + 2 - 22 = 0, -8 = -2*v. What is the remainder when 20 is divided by y?
0
Let o(b) = -b**3 + 10*b**2 - 16*b + 5. Let c(p) = p**2 - 5*p + 5. Calculate the remainder when c(7) is divided by o(8).
4
Let z(y) = y**2 + 6*y - 7. Calculate the remainder when 127 is divided by z(-10).
28
Let q be 2/9 - 66/54. Let b be 5*q*(-22)/(-5). Let d = 0 - b. What is the remainder when 40 is divided by d?
18
Suppose 10*x = 4*x + 54. Suppose 5*a - 80 = -4*w + 37, -3*a = -w - 77. Calculate the remainder when a is divided by x.
7
What is the remainder when 57 is divided by (-325)/(-10)*8/20?
5
What is the remainder when (52/65)/((-2)/(-290)*1) is divided by 59?
57
Let d = 34 + -19. Suppose 0*o = -o + d. What is the remainder when (-118)/(-4) + 2/(-4) is divided by o?
14
Let f(h) = -3*h + 131. What is the remainder when f(-7) is divided by 16?
8
Suppose 2*h - 10 = 0, -8*u = -4*u + 3*h - 71. Calculate the remainder when (-218)/(-5) - (-4)/10 is divided by u.
2
Let s(u) = u**3 + 5*u**2 + 12*u + 7. Let r be s(-5). What is the remainder when 72 is divided by (-70)/(-175) + r/(-5)?
6
Suppose 12 = c - 52. Suppose -24 - 50 = -3*g - 2*x, 3*g + 4*x = 82. Calculate the remainder when c is divided by g.
20
Suppose 5*w - 86 = -3*r, -4*w + 4*r + 69 = -w. Suppose -p = 4*p - 295. Suppose 0 = -3*o + 2*o - 5, -5*o = -k + p. What is the remainder when k is divided by w?
15
Let k(h) = -42*h - 29. Let a(s) = -43*s - 30. Let y(n) = 4*a(n) - 3*k(n). Calculate the remainder when y(-6) is divided by 35.
33
Let y be 201/2 - (1 - 3/2). Suppose y = 6*c - c + 2*q, -c = -5*q - 4. Calculate the remainder when 55 is divided by c.
17
Suppose 5*r = -4*v + 62 + 4, r = v - 21. Let n(k) = -k**3 + 11*k**2 + 12*k + 10. Let h be 270/24 - 6/(-8). What is the remainder when v is divided by n(h)?
9
Let i = 59 + -79. What is the remainder when (-324)/i - (-3)/(-15) is divided by 6?
4
Suppose 6*l - 154 = 128. Calculate the remainder when 422 is divided by l.
46
Let o(b) = -9*b**2 + b - 3. Let q(y) = 9*y**2 - y + 3. Let w(k) = -5*o(k) - 4*q(k). What is the remainder when w(-3) is divided by 22?
21
Calculate the remainder when 75 is divided by (-1)/(-20)*-2 + (-1296)/(-160).
3
Suppose -2*q + 6*f = 5*f - 293, -3*f - 432 = -3*q. What is the remainder when q is divided by 19?
16
Let v(b) = 12*b - 1. Let d = 44 - 48. Calculate the remainder when v(7) is divided by 38/2 - (d - (0 - 2)).
20
Suppose 15*k - 10*k = 5*g - 450, -2*g + 5*k = -183. What is the remainder when g is divided by 40?
9
Let u be -1*(-3 + 5) + 2. Suppose -5*q + 22 - 7 = u. Calculate the remainder when 45 is divided by 1/q*(2 + 46).
13
What is the remainder when ((-4)/(-8))/(2/852) is divided by 56?
45
Let w = 421 + -379. What is the remainder when 502 is divided by w?
40
Suppose b + 4*b - 80 = 0. Suppose b*a - 19*a + 219 = 0. What is the remainder when a is divided by 25?
23
Let u(h) = 2*h**3 + 36*h**2 + 32*h - 26. Calculate the remainder when 13 is divided by u(-17).
5
Let m = -3 + 0. Let k be (12/5)/m*-15. What is the remainder when 5 is divided by 0 - (k/(-3) + 1)?
2
Let v = -72 + 101. Suppose -2*d = -f - 14, -d + 17 = -f - 0*d. Let b = v + f. What is the remainder when b is divided by 5?
4
Let q = 636 + -634. Let s(p) = -p + 7. What is the remainder when q is divided by s(6)?
0
Let j(s) = -s**3 + s + 80. Let o be j(0). Let p be (-4)/2 + 2 - o. Let r = -36 - p. Calculate the remainder when r is divided by 15.
14
Let m be (17/4)/(5/(37 - -3)). Suppose -26*i + m*i = 120. What is the remainder when 27 is divided by i?
12
Let g = 483 - 407. What is the remainder when 89 is divided by g?
13
Let l be 21/2*-6*(-5)/(-45). What is the remainder when 25 is divided by 4/l*(-931)/38?
11
Let z = -48 - -73. What is the remainder when -6*(-5)/(-10)*248/(-6) is divided by z?
24
Let t(j) = -32*j + 44. Let h(q) = 8*q - 11. Let a(d) = 9*h(d) + 2*t(d). Calculate the remainder when 31 is divided by a(3).
5
Suppose -10*h + 4*h = -12. Let q = -70 + 89. What is the remainder when q is divided by 1 + h + 3 - 2?
3
Let x = 439 - 323. Calculate the remainder when x is divided by 46.
24
Let n(k) = -29*k. Let b be n(-1). Let d = b - 23. Suppose -7 = -4*z + 5, 0 = -4*h + 4*z + 80. Calculate the remainder when h is divided by d.
5
Suppose 4*a - 49 = g + 38, 0 = -2*a - 3*g + 47. Let w be (-290)/(-22) - 4/a. Suppose -12*b = -w*b + 17. Calculate the remainder when 49 is divided by b.
15
What is the remainder when 221 is divided by 2/2 - (4 + -17)?
11
Let c(o) = 11*o + 8. Let a(j) = -j + 1. Let s(f) = a(f) - c(f). Suppose -17 = -3*t - 2, 0 = 3*l + 4*t - 50. Calculate the remainder when s(-3) is divided by l.
9
Let p = -55 + 103. Suppose 5*x - p = 12. Let h(v) = -v**3 + 10*v**2 - 4*v - 24. What is the remainder when h(9) is divided by x?
9
Let y(r) = 7*r**2 + 2*r - 16. Calculate the remainder when 28 is divided by y(2).
12
Let l(x) = 6*x + 35. Let g be l(-27). Let j = -106 - g. Calculate the remainder when j is divided by 12.
9
Suppose -2*b + 16 = 4*m, b + m = -b + 31. Calculate the remainder when -2 - 54/(-3 + 2) is divided by b.
16
Suppose b + 6 = -1. Let l = b + 20. Calculate the remainder when 48 is divided by l.
9
Let x = -317 - -494. Calculate the remainder when x is divided by 20.
17
Suppose 15 = -5*j - 5*h, 2*j + 0*j - 19 = 3*h. Suppose -3*y - j*y = -90. Calculate the remainder when y is divided by 5.
3
Suppose -3*i - 5*q = -152, 2*i - 4*q - 180 = -42. Calculate the remainder when 109 is divided by i.
50
Suppose -5*f + 3*o + 25 = 79, 5*f + 56 = 2*o. Let q = f + 27. Calculate the remainder when 43 is divided by q.
13
Calculate the remainder when 152 is divided by (2*4)/((44/13)/22).
48
Let n(p) = p**3 + 14*p**2 - 16*p - 77. Calculate the remainder when n(-12) is divided by 14.
11
Let r(f) = f. Let v be r(2). Suppo